r - 25. Determine p(20).
395
Let f(x) = -22*x**2 - 7255*x + 1637. What is f(-330)?
-13
Let y(s) = -119489*s + 836367. Determine y(7).
-56
Let j(x) = -19558*x + 17211048. Give j(880).
8
Let j(a) = 7*a**2 - 2034*a - 910. Calculate j(291).
-37
Let o(g) = 1887*g - 52195. What is o(27)?
-1246
Let y(p) = -p**3 + 4*p**2 + 3096*p + 2023. Calculate y(58).
-65
Let g(d) = d**3 - 43*d**2 - 66*d + 2917. What is g(43)?
79
Let y(s) = 28*s**2 - 282*s + 318. Give y(11).
604
Let t(z) = -25*z**2 - 1867*z + 39837. Calculate t(-92).
1
Let f(i) = 464*i - 86. What is f(2)?
842
Let d(n) = n**2 + 217*n + 5335. Determine d(-31).
-431
Let m(k) = 28866*k - 2222676. Give m(77).
6
Let m(t) = 2*t**2 + 3463*t - 24349. Determine m(7).
-10
Let l(x) = x**3 + 46*x**2 - 86*x - 11. Determine l(2).
9
Let l(j) = 1169*j**2 + 8191*j + 48. What is l(-7)?
-8
Let s(y) = 3*y**2 - 1323*y + 64728. Give s(385).
48
Let j(r) = 72*r**2 - 195*r - 59. Determine j(3).
4
Let z(q) = -q**3 + 34*q**2 + 57*q - 1998. Give z(34).
-60
Let l(m) = -8*m**2 + 161*m + 783. Give l(-5).
-222
Let i(u) = u**3 - 43*u**2 + 24*u + 81. Calculate i(43).
1113
Let q(u) = -38*u**2 - 1341*u + 242. Give q(-36).
-730
Let g(k) = -k**2 - 6492*k - 135887. What is g(-21)?
4
Let w(v) = 91*v**3 - 4823*v**2 - 9*v + 481. Give w(53).
4
Let g(d) = -2*d**3 + 142*d**2 - 584*d + 14. What is g(4)?
-178
Let u(v) = -26*v**3 + 5*v**2 - 3*v - 88. Give u(4).
-1684
Let y(x) = 6*x**2 - 491*x - 1506. Calculate y(82).
-1424
Let q(u) = -2*u**2 + 452*u - 24821. What is q(133)?
-83
Let u(h) = -17*h**2 - 618*h - 4570. Give u(-26).
6
Let l(n) = -2877*n + 2616. What is l(0)?
2616
Let l(y) = -9*y**2 + 2484*y - 9792. Determine l(272).
0
Let h(z) = 21099*z - 105454. Give h(5).
41
Let x(z) = -1002000*z + 8015995. What is x(8)?
-5
Let a(f) = -2*f**2 + 2178*f - 61469. What is a(29)?
11
Let v(h) = 3231*h + 16261. Calculate v(-5).
106
Let t(u) = 1287*u + 140286. What is t(-109)?
3
Let w(b) = -63939*b - 127819. Give w(-2).
59
Let w(r) = -12*r + 4075. Calculate w(59).
3367
Let u(m) = 3*m**3 - 863*m**2 - 203*m - 24393. What is u(288)?
87
Let r(k) = -943*k - 54594. Calculate r(-58).
100
Let q(r) = -23630*r - 945194. Give q(-40).
6
Let s(a) = -a**3 - 35*a**2 - 68*a + 710. Determine s(-32).
-186
Let k(i) = 5*i**3 - 163*i**2 - 62*i - 176. What is k(33)?
-44
Let j(u) = -20*u**2 - 7122*u - 159418. Calculate j(-24).
-10
Let g(v) = -655*v + 43694. Give g(68).
-846
Let m(u) = 3*u**3 + 91*u**2 - 1044*u + 79. Determine m(11).
3599
Let h(o) = -2*o**2 + 90700*o - 272087. Give h(3).
-5
Let g(o) = 27*o**3 + 191*o**2 - 8*o - 9. Calculate g(-2).
555
Let v(z) = 129*z**2 - 8898*z - 250. Calculate v(69).
-43
Let l(z) = -z**3 - 412*z**2 + 603*z - 266428. Calculate l(-415).
2
Let m(h) = -23*h**2 + 2629*h - 3384. Calculate m(113).
6
Let r(j) = -j**2 - 50*j + 316. What is r(-59)?
-215
Let g(a) = 5*a**3 + 29*a**2 - 665*a - 17. Determine g(-15).
-392
Let o(j) = -3*j**3 + 39*j**2 + 64*j - 536. Determine o(12).
664
Let u(c) = c**3 + 76*c**2 - 368*c + 3160. What is u(-81)?
163
Let u(k) = -162120*k - 21. Give u(0).
-21
Let r(w) = -w**3 + 52*w**2 - 45*w - 7059. What is r(48)?
-3
Let r(z) = z**3 - 86*z**2 - 165*z + 6946. What is r(87)?
160
Let w(n) = 2*n**3 - 91*n**2 - 113*n + 1761. What is w(4)?
-19
Let d(z) = z**3 - 398*z**2 - 321*z - 31122. Give d(399).
0
Let t(j) = 512*j**3 - 4*j**2 - 58*j + 108. Give t(2).
4072
Let c(h) = -878*h - 39960. Determine c(-46).
428
Let c(q) = -q**3 - 65*q**2 - 230*q + 83. Calculate c(-4).
27
Let b(t) = -t**3 - 25*t**2 + 1443*t + 25279. Determine b(-18).
-2963
Let x(m) = m**3 - 306*m**2 + 14937*m + 517. Determine x(61).
29
Let z(n) = 5*n**2 - 225*n - 1731. Give z(47).
-1261
Let a(t) = -9077*t - 490412. Calculate a(-54).
-254
Let a(m) = 4056*m - 843633. What is a(208)?
15
Let o(w) = -10*w**3 + 91*w**2 - 291*w + 2614. What is o(9)?
76
Let x(v) = 80*v**2 - 191*v + 477. Determine x(4).
993
Let j(o) = -4*o**2 + 687*o + 9635. Determine j(186).
-967
Let f(x) = x**2 - 5349*x + 5263727. Give f(1300).
27
Let a(v) = -3*v**3 + 583*v**2 - 277*v + 16093. Give a(194).
-9
Let f(u) = -u**3 - 17*u**2 + 476*u - 1714. Give f(-33).
2
Let u(w) = 2*w**3 - 40*w**2 + 162*w - 251. Give u(15).
-71
Let r(d) = 24*d**2 - 1604*d - 36640. Give r(-18).
8
Let n(r) = 371*r + 11067. Give n(-32).
-805
Let g(o) = -2118*o + 593333. Determine g(280).
293
Let c(p) = -6397*p + 210870. Calculate c(33).
-231
Let x(n) = 265*n - 9702. What is x(39)?
633
Let x(k) = -8*k**3 + 501*k**2 + 195*k - 453. Calculate x(63).
-75
Let c(y) = y**2 + 712*y + 119889. Determine c(-273).
42
Let k(v) = 724*v + 84310. Determine k(-115).
1050
Let s(r) = 37606*r - 22864454. What is s(608)?
-6
Let n(m) = m**3 + 33*m**2 + 542*m + 4082. What is n(-15)?
2
Let h(t) = -6*t**2 - 740*t - 21061. What is h(-79)?
-47
Let a(p) = -25*p**3 - 1690*p**2 - 1002*p + 215. Calculate a(-67).
14
Let v(a) = a**2 + 2741*a + 1229449. Determine v(-565).
9
Let a(w) = 112*w - 5041. What is a(45)?
-1
Let d(v) = 5*v**2 + 413*v - 64. Calculate d(-80).
-1104
Let a(j) = j**3 - 1184*j**2 - 93096*j + 5030. Calculate a(1258).
-2
Let g(o) = -8*o**3 - 4*o**2 - 618*o + 1238. Give g(2).
-78
Let s(w) = 2*w**3 + 252*w**2 + 1209*w - 193. What is s(-121)?
-72
Let j(z) = -19817*z - 118900. Calculate j(-6).
2
Let h(r) = 5*r**3 - 75*r**2 - 99*r + 511. Determine h(15).
-974
Let p(v) = -3*v**2 + 280*v - 5432. Give p(28).
56
Let u(f) = -616*f**3 + 17*f**2 - 26*f + 9. Give u(1).
-616
Let c(u) = 14*u**3 + 532*u**2 - 1268*u - 48134. Calculate c(-38).
50
Let r(m) = -6*m**3 - 3*m**2 + m + 18. Determine r(-2).
52
Let m(y) = y**3 - 111*y**2 + 1192*y + 7987. Give m(98).
-49
Let g(t) = 20*t**3 - 180*t**2 - 9*t + 78. What is g(9)?
-3
Let s(o) = 9*o**3 + 3*o**2 + 78. What is s(-4)?
-450
Let m(v) = -3636*v - 1203458. What is m(-331)?
58
Let w(m) = -1559*m - 16713. Calculate w(-11).
436
Let k(w) = -77014*w + 847162. Give k(11).
8
Let h(a) = 51*a**2 - 2257*a + 612. What is h(44)?
40
Let y(f) = -f**3 + 7*f**2 + 48*f + 112. Calculate y(-4).
96
Let n(h) = 2*h**3 + 33*h**2 - 130*h - 98. Give n(-20).
-298
Let d(y) = -y**3 - 104*y**2 + 56*y + 16220. Calculate d(-103).
-157
Let l(j) = -2351*j - 8800. Calculate l(-4).
604
Let x(w) = -w**3 + 34*w**2 + 408*w - 15574. What is x(31)?
-43
Let h(z) = -379*z**3 + 18568*z**2 + 152*z - 154. Calculate h(49).
91
Let o(b) = 34*b**2 + 196*b - 37. Give o(-7).
257
Let d(l) = 553*l**3 - 3878*l**2 + 51*l - 13. What is d(7)?
1
Let b(v) = 442*v + 25729. Give b(-57).
535
Let y(b) = -b**2 - 216011*b + 864057. What is y(4)?
-3
Let v(c) = -5*c**2 - 56*c + 5817. Calculate v(29).
-12
Let w(m) = 3*m**2 - 32297*m + 355282. Determine w(11).
378
Let g(k) = -103*k - 5950. Give g(-89).
3217
Let a(o) = -o**2 + 7650*o - 53565. Give a(7).
-64
Let p(q) = -11*q**3 + 19*q**2 + 28*q - 96. What is p(-2)?
12
Let i(k) = -k**3 - 163*k**2 - 5934*k + 181. Give i(-55).
-149
Let s(y) = -53*y**3 + 1165*y**2 + 37*y - 305. What is s(22)?
25
Let d(q) = -2*q**2 - 41*q + 1984. Give d(20).
364
Let x(f) = -f**2 - 93463*f + 373861. Calculate x(4).
-7
Let f(u) = -u**2 - 16618*u + 599552. Calculate f(36).
8
Let t(k) = -36*k**3 + 2658*k**2 - 35944*k - 452. Determine t(56).
-4
Let o(g) = -2*g**3 + 201*g**2 - 109*g + 380. Give o(100).
-520
Let r(k) = 82*k**2 - 28529*k - 2486. What is r(348)?
-50
Let s(o) = 58*o + 6124. What is s(-112)?
-372
Let x(l) = -3*l**3 - 64*l**2 - 23*l + 39. Calculate x(-21).
81
Let c(b) = -2*b**3 - 73*b**2 - 94*b + 407. Determine c(-35).
22
Let h(t) = -200*t**2 + 2115*t + 2109. Give h(-1).
-206
Let i(h) = -3*h**3 + 51*h**2 - 534*h - 212. What is i(13)?
-5126
Let g(x) = -51772*x + 724802. What is g(14)?
-6
Let x(i) = -i**2 - 68024*i - 272099. Determine x(-4).
-19
Let r(u) = -u**2 + 632*u - 31206. Calculate r(54).
6
Let n(o) = -446*o + 18789. What is n(42)?
57
Let x(q) = -2*q**2 - 7105*q + 35580. Give x(5).
5
Let i(w) = 543*w**2 + 5792*w + 11581. Determine i(-2).
2169
Let l(a) = 2*a**2 + 6995*a + 187361. Determine l(-27).
-46
Let n(j) = -3*j**2 - 155*j - 1489. Determine n(-9).
-337
Let s(t) = 22*t**2 - 455*t + 2354. What is s(11)?
11
Let l(p) = 8*p**3 - 472*p**2 + 23*p + 206. Determine l(59).
1563
Let d(b) = 2*b**3 + 21*b**2 - 163*b - 1520. What is d(-7)?
-36
Let m(f) = -38*f**2 - 789*f - 294. Give m(-20).
286
Let r(f) = 1841*f + 29425. Give r(-16).
-31
Let o(g) = -g**3 - 13*g**2 + 